{"id":1012,"date":"2025-02-10T09:55:01","date_gmt":"2025-02-10T09:55:01","guid":{"rendered":"https:\/\/amoved.es\/?page_id=1012"},"modified":"2026-03-09T17:39:25","modified_gmt":"2026-03-09T17:39:25","slug":"oferta-empleo-01","status":"publish","type":"page","link":"https:\/\/amoved.es\/en\/oferta-empleo-01\/","title":{"rendered":"Oferta de empleo: programaci\u00f3n y sys admin"},"content":{"rendered":"\n<section class=\"wp-block-awt-section-hero has-bottle-green-background-color has-background\"><div class=\"container row\"><div class=\"col awt-col-12 awt-col-lg-10 awt-col-xl-8\">\n<div class=\"wp-block-columns is-layout-flex wp-container-core-columns-is-layout-9d6595d7 wp-block-columns-is-layout-flex\">\n<div class=\"wp-block-column is-layout-flow wp-block-column-is-layout-flow\">\n<h1 class=\"wp-block-awt-rich-text has-custom-white-color has-text-color\">Oferta de empleo<\/h1>\n\n\n\n<p class=\"has-custom-white-color has-text-color has-large-font-size\">Programaci\u00f3n, administraci\u00f3n de sistemas y trato con cliente<strong>(hasta el 28 de febrero 2025)<\/strong><\/p>\n<\/div>\n<\/div>\n<\/div><\/div><\/section>\n\n\n\n<section class=\"wp-block-awt-section\"><div class=\"container\">\n<div class=\"wp-block-columns is-layout-flex wp-container-core-columns-is-layout-9d6595d7 wp-block-columns-is-layout-flex\">\n<div class=\"wp-block-column is-layout-flow wp-block-column-is-layout-flow\" style=\"flex-basis:60%\">\n<h3 class=\"wp-block-awt-rich-text\">Condiciones laborales<\/h3>\n\n\n\n<ul class=\"wp-block-list\">\n<li><strong>Modalidad<\/strong>: Teletrabajo 100% (para personas que vivan en Espa\u00f1a y puedan acudir a reuniones puntuales en Madrid)<\/li>\n\n\n\n<li><strong>Dedicaci\u00f3n<\/strong>: 25h\/semanales <\/li>\n\n\n\n<li><strong>Remuneraci\u00f3n<\/strong>: 17.010\u20ac brutos\/anuales en 12 pagas (proporcional a 2SMI ~ 27.000\u20ac)<\/li>\n\n\n\n<li><strong>Horario<\/strong>: flexibilidad total m\u00e1s all\u00e1 de las reus de equipo y con cliente (entre 9:00 a 19:00)<\/li>\n\n\n\n<li><strong>Tipo de contrato<\/strong>: indefinido<\/li>\n\n\n\n<li><strong>Vacaciones<\/strong>: 23 d\u00edas<\/li>\n\n\n\n<li><strong>Convenio<\/strong>: sujeto al <a href=\"https:\/\/www.boe.es\/eli\/es\/res\/2023\/02\/27\/(6)\/dof\/spa\/pdf\">convenio de empresas de ingenier\u00eda<\/a><\/li>\n\n\n\n<li><strong>Herramientas<\/strong>: port\u00e1til o pantalla (opcional)<\/li>\n<\/ul>\n\n\n\n<h3 class=\"wp-block-awt-rich-text\">Un poco de contexto<\/h3>\n\n\n\n<p>Antes de nada queremos hacerte una breve introducci\u00f3n sobre amoved, m\u00e1s all\u00e1 de <a href=\"https:\/\/amoved.es\/#valores\" data-type=\"page\" data-id=\"5\">nuestros valores<\/a> y <a href=\"https:\/\/amoved.es\/somos\/\" data-type=\"page\" data-id=\"8\">qui\u00e9nes somos<\/a>. amoved es un proyecto que cuenta con 6 a\u00f1os de andadura, 2 de ellos centrados en la Econom\u00eda Social y Solidaria (ESS). Trabajamos mano a mano con entidades con un gran compromiso social y estamos orgulloses: Ecooo, AERESS, FUHEM, Caminando Fronteras, UCM&#8230;<\/p>\n\n\n\n<p>Tenemos una inmensa vocaci\u00f3n por cuidar de los territorios digitales donde habitan estas entidades: hemos desarrollado sitios web completamente a medida, desplegado infraestructura basada en software libre, desarrollado aplicaciones web desde 0&#8230; <\/p>\n\n\n\n<p>Nos embarcamos en nuevos retos constantemente y nos encanta tejer redes con otras entidades para resolverlos. Hemos colaborado y colaboramos con: Librecoop, Nodo Com\u00fan, DisCO, CoopDevs, CodiCooperatiu, Dabne&#8230;<\/p>\n\n\n\n<p>Tambi\u00e9n contamos con una gran vocaci\u00f3n social y activista y por ello colaboramos cuando podemos con asociaciones de barrio y movimientos sociales: Asociaci\u00f3n vecinal la flor, Exmenas, NexoSocial&#8230;<\/p>\n\n\n\n<p>Somos un equipo muy peque\u00f1ito pero con muchas ganas de cambiar el paradigma digital que nos ha tra\u00eddo hasta aqu\u00ed. Puedes encontrar mucha m\u00e1s informaci\u00f3n sobre c\u00f3mo nos organizamos en nuestra <a href=\"https:\/\/wiki.amoved.es\/#\/graph\">wiki<\/a>: <a href=\"https:\/\/wiki.amoved.es\/#\/page\/modelo%20organizativo\">modelo organizativo<\/a>, <a href=\"https:\/\/wiki.amoved.es\/#\/page\/las%20herramientas%20de%20amoved\">herramientas de trabajo<\/a>, <a href=\"https:\/\/wiki.amoved.es\/#\/page\/glosario%20y%20apuntes\">apuntes<\/a>&#8230; si pasas a formar parte del equipo tendr\u00e1s acceso a varios materiales m\u00e1s; gu\u00edas para realizar tareas del d\u00eda a d\u00eda, gesti\u00f3n de servidores, etc.<\/p>\n\n\n\n<h3 class=\"wp-block-awt-rich-text\">\u00bfQu\u00e9 buscamos?<\/h3>\n\n\n\n<p><strong>Valores de trabajo<\/strong>. Buscamos una persona que conozca o tenga ganas de participar en un entorno de trabajo:<\/p>\n\n\n\n<ul class=\"wp-block-list\">\n<li>Inclusivo<\/li>\n\n\n\n<li>Autogestionado<\/li>\n\n\n\n<li>Cooperativista<\/li>\n<\/ul>\n\n\n\n<p>Donde tomamos las decisiones en equipo y nos apoyamos mutuamente. Donde intentamos encontrar nuevos modelos de trabajo que pongan la vida en el centro y crear v\u00ednculos con las personas con las que trabajamos que nos resulten significativos y transformadores.<\/p>\n\n\n\n<p>Tambi\u00e9n tenemos una noci\u00f3n com\u00fan en torno a la tecnolog\u00eda que nos gustar\u00eda compartir contigo. Entendemos que en el mundo actual la tecnolog\u00eda muchas veces es algo impuesto y por ello intentamos evitar juzgar las pr\u00e1cticas de cada una. Buscamos momentos en los que compartir nuestros conocimientos y poder aprender unos de otros. Por ello, valoramos un trato paciente, amable y did\u00e1ctico, por encima de unas capacidades tecnol\u00f3gicas super resolutivas, si nos atascamos lo resolvemos en equipo.<\/p>\n\n\n\n<p><strong>Necesidades t\u00e9cnicas<\/strong>. En esta ocasi\u00f3n buscamos un perfil de programaci\u00f3n y administraci\u00f3n de sistemas. Actualmente trabajamos en las siguientes \u00e1reas:<\/p>\n\n\n\n<ul class=\"wp-block-list\">\n<li>Sitios web, CMS&#8217;s y ERP&#8217;s (JS, TS, HTML, CSS, WordPress, Odoo)<\/li>\n\n\n\n<li>Aplicaciones web (React, Next, Vue, Nuxt, Python, Prisma, SQL)<\/li>\n\n\n\n<li>Administraci\u00f3n de sistemas y DevOps (Ansible, Docker, Debian, Proxmox) <\/li>\n<\/ul>\n\n\n\n<p>Adem\u00e1s, al ser un equipo peque\u00f1o hacemos una gesti\u00f3n casi integral de la entidad jur\u00eddica por lo que normalmente nos repartimos las tareas de administraci\u00f3n: contabilidad, gesti\u00f3n de proyectos y contacto con clientes&#8230; Por ello, valoraremos cualidades que te permitan realizar estas tareas de forma aut\u00f3noma aunque como hemos dicho el apoyo mutuo es un valor central del equipo y podemos complementarnos.<\/p>\n\n\n\n<p><strong>Importante<\/strong>. Somos conscientes de que son muchas cosas, no tenemos ning\u00fan requisito estricto, lo que m\u00e1s nos importa es tener una visi\u00f3n compartida y evaluar juntas si podemos sacar adelante los proyectos que tenemos en el horizonte. No te preocupes si hay cosas de las que no sabes nada o que te resultan nuevas, escr\u00edbenos y hablamos.<\/p>\n\n\n\n<h3 class=\"wp-block-awt-rich-text\">Tu futuro al entrar en amoved<\/h3>\n\n\n\n<p>amoved pretende ser un proyecto colectivo y horizontal. Una de nuestras prioridades iniciales ser\u00e1 facilitar que te sientas una m\u00e1s del equipo y que puedas apropiarte del proyecto. En este sentido y dado que a\u00fan estamos en proceso de crecimiento, tendr\u00e1s oportunidades constantes para impulsar nuestro trabajo en la direcci\u00f3n que m\u00e1s te motive. <\/p>\n\n\n\n<p>De momento nuestra misi\u00f3n est\u00e1 dibujada en torno a facilitar la adopci\u00f3n y repensar los comunes digitales dentro la ESS y eso nos est\u00e1 abriendo muchas posibilidades de colaboraci\u00f3n con entidades muy diversas as\u00ed como proyectos tecnol\u00f3gicamente cada vez m\u00e1s complejos e interesantes. Este ecosistema de colaboraci\u00f3n es muy nutritivo para el aprendizaje ya que nos permite ver c\u00f3mo trabajan distintos equipos.<\/p>\n\n\n\n<p>Al trabajar de manera autogestionada tenemos que cubrir tareas muy diversas a la hora de resolver un proyecto por lo que si encuentras un rol o un conjunto de tareas que te resulte de especial inter\u00e9s podemos evaluar conjuntamente la distribuci\u00f3n que hacemos.<\/p>\n\n\n\n<p>Y por \u00faltimo la conciliaci\u00f3n. Ya hemos mencionado que para amoved, crear un espacio de trabajo donde la vida est\u00e9 en el centro es una tarea important\u00edsima. En este sentido, todo cuanto podamos hacer para apoyar el desarrollo personal del equipo es prioridad. <\/p>\n\n\n\n<h3 class=\"wp-block-awt-rich-text\">\u00bfTe apuntas?<\/h3>\n\n\n\n<p>El proceso de selecci\u00f3n constar\u00e1 de tres rondas:<\/p>\n\n\n\n<ul class=\"wp-block-list\">\n<li>Preselecci\u00f3n: haremos una primera evaluaci\u00f3n en base a la carta de motivaci\u00f3n y el cv.<\/li>\n\n\n\n<li>Entrevista inicial: para ponernos cara y contarnos un poco de viva voz. Te preguntaremos por tu experiencia y quiz\u00e1 surjan temas t\u00e9cnicos.<\/li>\n\n\n\n<li>Evaluaci\u00f3n t\u00e9cnica: ser\u00e1 una prueba conceptual en la que evaluaremos la manera que tienes de enfrentarte a problem\u00e1ticas del d\u00eda a d\u00eda en el trabajo. Te enviaremos la prueba y tras ello tendremos una \u00faltima videollamada para comentarla.<\/li>\n\n\n\n<li>Selecci\u00f3n final.<\/li>\n<\/ul>\n\n\n\n<p>Si quieres formar parte del proceso de selecci\u00f3n escr\u00edbenos un correo a <a href=\"mailto:administracion@amoved.es\">administracion@amoved.es<\/a> con el asunto &#8220;Oferta de empleo [Nombre completo]&#8221;, una carta de motivaci\u00f3n y tu CV. Te responderemos lo antes posible para darte m\u00e1s detalles.<\/p>\n\n\n\n<p>Nos comprometemos a responder todos los correos y se os notificar\u00e1 siempre del estado del proceso tanto si la resoluci\u00f3n es favorable como si no.<\/p>\n\n\n\n<p>Cerramos el plazo de recepci\u00f3n de perfiles el viernes 28 de febrero y esperamos poder incorporar a la persona seleccionada a mediados de marzo o principios de abril.<\/p>\n\n\n\n<p>Si conoces a cualquier persona a quien le pueda interesar la oferta no dudes en compartirla \ud83d\ude0b<\/p>\n\n\n\n<p>\u00a1Gracias por tu tiempo!<\/p>\n<\/div>\n<\/div>\n<\/div><\/section>\n","protected":false},"excerpt":{"rendered":"","protected":false},"author":2,"featured_media":0,"parent":0,"menu_order":0,"comment_status":"closed","ping_status":"closed","template":"","meta":{"_acf_changed":false,"_uag_custom_page_level_css":"","footnotes":""},"class_list":["post-1012","page","type-page","status-publish","hentry"],"acf":[],"uagb_featured_image_src":{"full":false,"thumbnail":false,"medium":false,"medium_large":false,"large":false,"1536x1536":false,"2048x2048":false},"uagb_author_info":{"display_name":"Luis H. Porras","author_link":"https:\/\/amoved.es\/en\/author\/luishporras\/"},"uagb_comment_info":0,"uagb_excerpt":null,"_links":{"self":[{"href":"https:\/\/amoved.es\/en\/wp-json\/wp\/v2\/pages\/1012","targetHints":{"allow":["GET"]}}],"collection":[{"href":"https:\/\/amoved.es\/en\/wp-json\/wp\/v2\/pages"}],"about":[{"href":"https:\/\/amoved.es\/en\/wp-json\/wp\/v2\/types\/page"}],"author":[{"embeddable":true,"href":"https:\/\/amoved.es\/en\/wp-json\/wp\/v2\/users\/2"}],"replies":[{"embeddable":true,"href":"https:\/\/amoved.es\/en\/wp-json\/wp\/v2\/comments?post=1012"}],"version-history":[{"count":14,"href":"https:\/\/amoved.es\/en\/wp-json\/wp\/v2\/pages\/1012\/revisions"}],"predecessor-version":[{"id":1258,"href":"https:\/\/amoved.es\/en\/wp-json\/wp\/v2\/pages\/1012\/revisions\/1258"}],"wp:attachment":[{"href":"https:\/\/amoved.es\/en\/wp-json\/wp\/v2\/media?parent=1012"}],"curies":[{"name":"wp","href":"https:\/\/api.w.org\/{rel}","templated":true}]}}

Oferta de empleo: programación y sys admin

<section class="wp-block-awt-section-hero has-bottle-green-background-color has-background"><div class="container row"><div class="col awt-col-12 awt-col-lg-10 awt-col-xl-8">
<div class="wp-block-columns is-layout-flex wp-container-core-columns-is-layout-9d6595d7 wp-block-columns-is-layout-flex">
<div class="wp-block-column is-layout-flow wp-block-column-is-layout-flow">
<h1 class="wp-block-awt-rich-text has-custom-white-color has-text-color">Oferta de empleo</h1>



<p class="has-custom-white-color has-text-color has-large-font-size">Programación, administración de sistemas y trato con cliente<strong>(hasta el 28 de febrero 2025)</strong></p>
</div>
</div>
</div></div></section>



<section class="wp-block-awt-section"><div class="container">
<div class="wp-block-columns is-layout-flex wp-container-core-columns-is-layout-9d6595d7 wp-block-columns-is-layout-flex">
<div class="wp-block-column is-layout-flow wp-block-column-is-layout-flow" style="flex-basis:60%">
<h3 class="wp-block-awt-rich-text">Condiciones laborales</h3>



<ul class="wp-block-list">
<li><strong>Modalidad</strong>: Teletrabajo 100% (para personas que vivan en España y puedan acudir a reuniones puntuales en Madrid)</li>



<li><strong>Dedicación</strong>: 25h/semanales </li>



<li><strong>Remuneración</strong>: 17.010€ brutos/anuales en 12 pagas (proporcional a 2SMI ~ 27.000€)</li>



<li><strong>Horario</strong>: flexibilidad total más allá de las reus de equipo y con cliente (entre 9:00 a 19:00)</li>



<li><strong>Tipo de contrato</strong>: indefinido</li>



<li><strong>Vacaciones</strong>: 23 días</li>



<li><strong>Convenio</strong>: sujeto al <a href="https://www.boe.es/eli/es/res/2023/02/27/(6)/dof/spa/pdf">convenio de empresas de ingeniería</a></li>



<li><strong>Herramientas</strong>: portátil o pantalla (opcional)</li>
</ul>



<h3 class="wp-block-awt-rich-text">Un poco de contexto</h3>



<p>Antes de nada queremos hacerte una breve introducción sobre amoved, más allá de <a href="https://amoved.es/#valores" data-type="page" data-id="5">nuestros valores</a> y <a href="https://amoved.es/somos/" data-type="page" data-id="8">quiénes somos</a>. amoved es un proyecto que cuenta con 6 años de andadura, 2 de ellos centrados en la Economía Social y Solidaria (ESS). Trabajamos mano a mano con entidades con un gran compromiso social y estamos orgulloses: Ecooo, AERESS, FUHEM, Caminando Fronteras, UCM&#8230;</p>



<p>Tenemos una inmensa vocación por cuidar de los territorios digitales donde habitan estas entidades: hemos desarrollado sitios web completamente a medida, desplegado infraestructura basada en software libre, desarrollado aplicaciones web desde 0&#8230; </p>



<p>Nos embarcamos en nuevos retos constantemente y nos encanta tejer redes con otras entidades para resolverlos. Hemos colaborado y colaboramos con: Librecoop, Nodo Común, DisCO, CoopDevs, CodiCooperatiu, Dabne&#8230;</p>



<p>También contamos con una gran vocación social y activista y por ello colaboramos cuando podemos con asociaciones de barrio y movimientos sociales: Asociación vecinal la flor, Exmenas, NexoSocial&#8230;</p>



<p>Somos un equipo muy pequeñito pero con muchas ganas de cambiar el paradigma digital que nos ha traído hasta aquí. Puedes encontrar mucha más información sobre cómo nos organizamos en nuestra <a href="https://wiki.amoved.es/#/graph">wiki</a>: <a href="https://wiki.amoved.es/#/page/modelo%20organizativo">modelo organizativo</a>, <a href="https://wiki.amoved.es/#/page/las%20herramientas%20de%20amoved">herramientas de trabajo</a>, <a href="https://wiki.amoved.es/#/page/glosario%20y%20apuntes">apuntes</a>&#8230; si pasas a formar parte del equipo tendrás acceso a varios materiales más; guías para realizar tareas del día a día, gestión de servidores, etc.</p>



<h3 class="wp-block-awt-rich-text">¿Qué buscamos?</h3>



<p><strong>Valores de trabajo</strong>. Buscamos una persona que conozca o tenga ganas de participar en un entorno de trabajo:</p>



<ul class="wp-block-list">
<li>Inclusivo</li>



<li>Autogestionado</li>



<li>Cooperativista</li>
</ul>



<p>Donde tomamos las decisiones en equipo y nos apoyamos mutuamente. Donde intentamos encontrar nuevos modelos de trabajo que pongan la vida en el centro y crear vínculos con las personas con las que trabajamos que nos resulten significativos y transformadores.</p>



<p>También tenemos una noción común en torno a la tecnología que nos gustaría compartir contigo. Entendemos que en el mundo actual la tecnología muchas veces es algo impuesto y por ello intentamos evitar juzgar las prácticas de cada una. Buscamos momentos en los que compartir nuestros conocimientos y poder aprender unos de otros. Por ello, valoramos un trato paciente, amable y didáctico, por encima de unas capacidades tecnológicas super resolutivas, si nos atascamos lo resolvemos en equipo.</p>



<p><strong>Necesidades técnicas</strong>. En esta ocasión buscamos un perfil de programación y administración de sistemas. Actualmente trabajamos en las siguientes áreas:</p>



<ul class="wp-block-list">
<li>Sitios web, CMS&#8217;s y ERP&#8217;s (JS, TS, HTML, CSS, WordPress, Odoo)</li>



<li>Aplicaciones web (React, Next, Vue, Nuxt, Python, Prisma, SQL)</li>



<li>Administración de sistemas y DevOps (Ansible, Docker, Debian, Proxmox) </li>
</ul>



<p>Además, al ser un equipo pequeño hacemos una gestión casi integral de la entidad jurídica por lo que normalmente nos repartimos las tareas de administración: contabilidad, gestión de proyectos y contacto con clientes&#8230; Por ello, valoraremos cualidades que te permitan realizar estas tareas de forma autónoma aunque como hemos dicho el apoyo mutuo es un valor central del equipo y podemos complementarnos.</p>



<p><strong>Importante</strong>. Somos conscientes de que son muchas cosas, no tenemos ningún requisito estricto, lo que más nos importa es tener una visión compartida y evaluar juntas si podemos sacar adelante los proyectos que tenemos en el horizonte. No te preocupes si hay cosas de las que no sabes nada o que te resultan nuevas, escríbenos y hablamos.</p>



<h3 class="wp-block-awt-rich-text">Tu futuro al entrar en amoved</h3>



<p>amoved pretende ser un proyecto colectivo y horizontal. Una de nuestras prioridades iniciales será facilitar que te sientas una más del equipo y que puedas apropiarte del proyecto. En este sentido y dado que aún estamos en proceso de crecimiento, tendrás oportunidades constantes para impulsar nuestro trabajo en la dirección que más te motive. </p>



<p>De momento nuestra misión está dibujada en torno a facilitar la adopción y repensar los comunes digitales dentro la ESS y eso nos está abriendo muchas posibilidades de colaboración con entidades muy diversas así como proyectos tecnológicamente cada vez más complejos e interesantes. Este ecosistema de colaboración es muy nutritivo para el aprendizaje ya que nos permite ver cómo trabajan distintos equipos.</p>



<p>Al trabajar de manera autogestionada tenemos que cubrir tareas muy diversas a la hora de resolver un proyecto por lo que si encuentras un rol o un conjunto de tareas que te resulte de especial interés podemos evaluar conjuntamente la distribución que hacemos.</p>



<p>Y por último la conciliación. Ya hemos mencionado que para amoved, crear un espacio de trabajo donde la vida esté en el centro es una tarea importantísima. En este sentido, todo cuanto podamos hacer para apoyar el desarrollo personal del equipo es prioridad. </p>



<h3 class="wp-block-awt-rich-text">¿Te apuntas?</h3>



<p>El proceso de selección constará de tres rondas:</p>



<ul class="wp-block-list">
<li>Preselección: haremos una primera evaluación en base a la carta de motivación y el cv.</li>



<li>Entrevista inicial: para ponernos cara y contarnos un poco de viva voz. Te preguntaremos por tu experiencia y quizá surjan temas técnicos.</li>



<li>Evaluación técnica: será una prueba conceptual en la que evaluaremos la manera que tienes de enfrentarte a problemáticas del día a día en el trabajo. Te enviaremos la prueba y tras ello tendremos una última videollamada para comentarla.</li>



<li>Selección final.</li>
</ul>



<p>Si quieres formar parte del proceso de selección escríbenos un correo a <a href="mailto:administracion@amoved.es">administracion@amoved.es</a> con el asunto &#8220;Oferta de empleo [Nombre completo]&#8221;, una carta de motivación y tu CV. Te responderemos lo antes posible para darte más detalles.</p>



<p>Nos comprometemos a responder todos los correos y se os notificará siempre del estado del proceso tanto si la resolución es favorable como si no.</p>



<p>Cerramos el plazo de recepción de perfiles el viernes 28 de febrero y esperamos poder incorporar a la persona seleccionada a mediados de marzo o principios de abril.</p>



<p>Si conoces a cualquier persona a quien le pueda interesar la oferta no dudes en compartirla 😋</p>



<p>¡Gracias por tu tiempo!</p>
</div>
</div>
</div></section>
